{"id":2899,"date":"2023-07-27T13:11:47","date_gmt":"2023-07-27T11:11:47","guid":{"rendered":"https:\/\/apartamentosconencanto.com\/nuestros-edificios\/edificio-turistico-haro-ventilla-16\/"},"modified":"2024-01-09T17:06:37","modified_gmt":"2024-01-09T16:06:37","slug":"edificio-turistico-haro-ventilla-16","status":"publish","type":"edificios","link":"https:\/\/apartamentosconencanto.com\/en\/nuestros-edificios\/edificio-turistico-haro-ventilla-16\/","title":{"rendered":"Tourist Apartment Building in Haro, at 16 Ventilla St."},"content":{"rendered":"","protected":false},"excerpt":{"rendered":"","protected":false},"author":4,"featured_media":2604,"menu_order":0,"template":"","meta":[],"categories":[],"acf":[],"yoast_head":"<!-- This site is optimized with the Yoast SEO plugin v21.5 - https:\/\/yoast.com\/wordpress\/plugins\/seo\/ -->\n<title>Tourist Apartment Building Ventilla - Apartamentos Se\u00f1or\u00edo de Haro 3000<\/title>\n<meta name=\"description\" content=\"Se\u00f1or\u00edo de Haro has a tourist building in calle Ventilla 16 in Haro with 6 2-bedroom flats for 30 people.\" \/>\n<meta name=\"robots\" content=\"index, follow, max-snippet:-1, max-image-preview:large, max-video-preview:-1\" \/>\n<link rel=\"canonical\" href=\"https:\/\/apartamentosconencanto.com\/en\/nuestros-edificios\/edificio-turistico-haro-ventilla-16\/\" \/>\n<meta property=\"og:locale\" content=\"en_US\" \/>\n<meta property=\"og:type\" content=\"article\" \/>\n<meta property=\"og:title\" content=\"Tourist Apartment Building Ventilla - Apartamentos Se\u00f1or\u00edo de Haro 3000\" \/>\n<meta property=\"og:description\" content=\"Se\u00f1or\u00edo de Haro has a tourist building in calle Ventilla 16 in Haro with 6 2-bedroom flats for 30 people.\" \/>\n<meta property=\"og:url\" content=\"https:\/\/apartamentosconencanto.com\/en\/nuestros-edificios\/edificio-turistico-haro-ventilla-16\/\" \/>\n<meta property=\"og:site_name\" content=\"Apartamentos Se\u00f1or\u00edo de Haro 3000\" \/>\n<meta property=\"article:publisher\" content=\"https:\/\/www.facebook.com\/apartamentosconencanto\" \/>\n<meta property=\"article:modified_time\" content=\"2024-01-09T16:06:37+00:00\" \/>\n<meta property=\"og:image\" content=\"https:\/\/apartamentosconencanto.com\/wp-content\/uploads\/2023\/07\/edificios-edificio-en-la-calle-lucrecia-arana-no4-1-e1690894649380.jpg\" \/>\n\t<meta property=\"og:image:width\" content=\"433\" \/>\n\t<meta property=\"og:image:height\" content=\"650\" \/>\n\t<meta property=\"og:image:type\" content=\"image\/jpeg\" \/>\n<meta name=\"twitter:card\" content=\"summary_large_image\" \/>\n<meta name=\"twitter:site\" content=\"@aptosconencanto\" \/>\n<script type=\"application\/ld+json\" class=\"yoast-schema-graph\">{\"@context\":\"https:\/\/schema.org\",\"@graph\":[{\"@type\":\"WebPage\",\"@id\":\"https:\/\/apartamentosconencanto.com\/en\/nuestros-edificios\/edificio-turistico-haro-ventilla-16\/\",\"url\":\"https:\/\/apartamentosconencanto.com\/en\/nuestros-edificios\/edificio-turistico-haro-ventilla-16\/\",\"name\":\"Tourist Apartment Building Ventilla - Apartamentos Se\u00f1or\u00edo de Haro 3000\",\"isPartOf\":{\"@id\":\"https:\/\/apartamentosconencanto.com\/en\/#website\"},\"datePublished\":\"2023-07-27T11:11:47+00:00\",\"dateModified\":\"2024-01-09T16:06:37+00:00\",\"description\":\"Se\u00f1or\u00edo de Haro has a tourist building in calle Ventilla 16 in Haro with 6 2-bedroom flats for 30 people.\",\"inLanguage\":\"en-US\",\"potentialAction\":[{\"@type\":\"ReadAction\",\"target\":[\"https:\/\/apartamentosconencanto.com\/en\/nuestros-edificios\/edificio-turistico-haro-ventilla-16\/\"]}]},{\"@type\":\"WebSite\",\"@id\":\"https:\/\/apartamentosconencanto.com\/en\/#website\",\"url\":\"https:\/\/apartamentosconencanto.com\/en\/\",\"name\":\"Apartamentos Se\u00f1or\u00edo de Haro 3000\",\"description\":\"Apartamentos tur\u00edsticos en Haro\",\"publisher\":{\"@id\":\"https:\/\/apartamentosconencanto.com\/en\/#organization\"},\"potentialAction\":[{\"@type\":\"SearchAction\",\"target\":{\"@type\":\"EntryPoint\",\"urlTemplate\":\"https:\/\/apartamentosconencanto.com\/en\/?s={search_term_string}\"},\"query-input\":\"required name=search_term_string\"}],\"inLanguage\":\"en-US\"},{\"@type\":\"Organization\",\"@id\":\"https:\/\/apartamentosconencanto.com\/en\/#organization\",\"name\":\"Apartamentos Se\u00f1or\u00edo de Haro 3000\",\"url\":\"https:\/\/apartamentosconencanto.com\/en\/\",\"logo\":{\"@type\":\"ImageObject\",\"inLanguage\":\"en-US\",\"@id\":\"https:\/\/apartamentosconencanto.com\/en\/#\/schema\/logo\/image\/\",\"url\":\"https:\/\/apartamentosconencanto.com\/wp-content\/uploads\/2017\/12\/logo-apartamentos-color-100.png\",\"contentUrl\":\"https:\/\/apartamentosconencanto.com\/wp-content\/uploads\/2017\/12\/logo-apartamentos-color-100.png\",\"width\":195,\"height\":100,\"caption\":\"Apartamentos Se\u00f1or\u00edo de Haro 3000\"},\"image\":{\"@id\":\"https:\/\/apartamentosconencanto.com\/en\/#\/schema\/logo\/image\/\"},\"sameAs\":[\"https:\/\/www.facebook.com\/apartamentosconencanto\",\"https:\/\/twitter.com\/aptosconencanto\",\"https:\/\/www.instagram.com\/apartamentosharo\/\"]}]}<\/script>\n<!-- \/ Yoast SEO plugin. -->","yoast_head_json":{"title":"Tourist Apartment Building Ventilla - Apartamentos Se\u00f1or\u00edo de Haro 3000","description":"Se\u00f1or\u00edo de Haro has a tourist building in calle Ventilla 16 in Haro with 6 2-bedroom flats for 30 people.","robots":{"index":"index","follow":"follow","max-snippet":"max-snippet:-1","max-image-preview":"max-image-preview:large","max-video-preview":"max-video-preview:-1"},"canonical":"https:\/\/apartamentosconencanto.com\/en\/nuestros-edificios\/edificio-turistico-haro-ventilla-16\/","og_locale":"en_US","og_type":"article","og_title":"Tourist Apartment Building Ventilla - Apartamentos Se\u00f1or\u00edo de Haro 3000","og_description":"Se\u00f1or\u00edo de Haro has a tourist building in calle Ventilla 16 in Haro with 6 2-bedroom flats for 30 people.","og_url":"https:\/\/apartamentosconencanto.com\/en\/nuestros-edificios\/edificio-turistico-haro-ventilla-16\/","og_site_name":"Apartamentos Se\u00f1or\u00edo de Haro 3000","article_publisher":"https:\/\/www.facebook.com\/apartamentosconencanto","article_modified_time":"2024-01-09T16:06:37+00:00","og_image":[{"width":433,"height":650,"url":"https:\/\/apartamentosconencanto.com\/wp-content\/uploads\/2023\/07\/edificios-edificio-en-la-calle-lucrecia-arana-no4-1-e1690894649380.jpg","type":"image\/jpeg"}],"twitter_card":"summary_large_image","twitter_site":"@aptosconencanto","schema":{"@context":"https:\/\/schema.org","@graph":[{"@type":"WebPage","@id":"https:\/\/apartamentosconencanto.com\/en\/nuestros-edificios\/edificio-turistico-haro-ventilla-16\/","url":"https:\/\/apartamentosconencanto.com\/en\/nuestros-edificios\/edificio-turistico-haro-ventilla-16\/","name":"Tourist Apartment Building Ventilla - Apartamentos Se\u00f1or\u00edo de Haro 3000","isPartOf":{"@id":"https:\/\/apartamentosconencanto.com\/en\/#website"},"datePublished":"2023-07-27T11:11:47+00:00","dateModified":"2024-01-09T16:06:37+00:00","description":"Se\u00f1or\u00edo de Haro has a tourist building in calle Ventilla 16 in Haro with 6 2-bedroom flats for 30 people.","inLanguage":"en-US","potentialAction":[{"@type":"ReadAction","target":["https:\/\/apartamentosconencanto.com\/en\/nuestros-edificios\/edificio-turistico-haro-ventilla-16\/"]}]},{"@type":"WebSite","@id":"https:\/\/apartamentosconencanto.com\/en\/#website","url":"https:\/\/apartamentosconencanto.com\/en\/","name":"Apartamentos Se\u00f1or\u00edo de Haro 3000","description":"Apartamentos tur\u00edsticos en Haro","publisher":{"@id":"https:\/\/apartamentosconencanto.com\/en\/#organization"},"potentialAction":[{"@type":"SearchAction","target":{"@type":"EntryPoint","urlTemplate":"https:\/\/apartamentosconencanto.com\/en\/?s={search_term_string}"},"query-input":"required name=search_term_string"}],"inLanguage":"en-US"},{"@type":"Organization","@id":"https:\/\/apartamentosconencanto.com\/en\/#organization","name":"Apartamentos Se\u00f1or\u00edo de Haro 3000","url":"https:\/\/apartamentosconencanto.com\/en\/","logo":{"@type":"ImageObject","inLanguage":"en-US","@id":"https:\/\/apartamentosconencanto.com\/en\/#\/schema\/logo\/image\/","url":"https:\/\/apartamentosconencanto.com\/wp-content\/uploads\/2017\/12\/logo-apartamentos-color-100.png","contentUrl":"https:\/\/apartamentosconencanto.com\/wp-content\/uploads\/2017\/12\/logo-apartamentos-color-100.png","width":195,"height":100,"caption":"Apartamentos Se\u00f1or\u00edo de Haro 3000"},"image":{"@id":"https:\/\/apartamentosconencanto.com\/en\/#\/schema\/logo\/image\/"},"sameAs":["https:\/\/www.facebook.com\/apartamentosconencanto","https:\/\/twitter.com\/aptosconencanto","https:\/\/www.instagram.com\/apartamentosharo\/"]}]}},"_links":{"self":[{"href":"https:\/\/apartamentosconencanto.com\/en\/wp-json\/wp\/v2\/edificios\/2899"}],"collection":[{"href":"https:\/\/apartamentosconencanto.com\/en\/wp-json\/wp\/v2\/edificios"}],"about":[{"href":"https:\/\/apartamentosconencanto.com\/en\/wp-json\/wp\/v2\/types\/edificios"}],"author":[{"embeddable":true,"href":"https:\/\/apartamentosconencanto.com\/en\/wp-json\/wp\/v2\/users\/4"}],"version-history":[{"count":4,"href":"https:\/\/apartamentosconencanto.com\/en\/wp-json\/wp\/v2\/edificios\/2899\/revisions"}],"predecessor-version":[{"id":3036,"href":"https:\/\/apartamentosconencanto.com\/en\/wp-json\/wp\/v2\/edificios\/2899\/revisions\/3036"}],"wp:featuredmedia":[{"embeddable":true,"href":"https:\/\/apartamentosconencanto.com\/en\/wp-json\/wp\/v2\/media\/2604"}],"wp:attachment":[{"href":"https:\/\/apartamentosconencanto.com\/en\/wp-json\/wp\/v2\/media?parent=2899"}],"wp:term":[{"taxonomy":"category","embeddable":true,"href":"https:\/\/apartamentosconencanto.com\/en\/wp-json\/wp\/v2\/categories?post=2899"}],"curies":[{"name":"wp","href":"https:\/\/api.w.org\/{rel}","templated":true}]}}

<!-- This site is optimized with the Yoast SEO plugin v21.5 - https://yoast.com/wordpress/plugins/seo/ -->
<title>Tourist Apartment Building Ventilla - Apartamentos Señorío de Haro 3000</title>
<meta name="description" content="Señorío de Haro has a tourist building in calle Ventilla 16 in Haro with 6 2-bedroom flats for 30 people." />
<meta name="robots" content="index, follow, max-snippet:-1, max-image-preview:large, max-video-preview:-1" />
<link rel="canonical" href="https://apartamentosconencanto.com/en/nuestros-edificios/edificio-turistico-haro-ventilla-16/" />
<meta property="og:locale" content="en_US" />
<meta property="og:type" content="article" />
<meta property="og:title" content="Tourist Apartment Building Ventilla - Apartamentos Señorío de Haro 3000" />
<meta property="og:description" content="Señorío de Haro has a tourist building in calle Ventilla 16 in Haro with 6 2-bedroom flats for 30 people." />
<meta property="og:url" content="https://apartamentosconencanto.com/en/nuestros-edificios/edificio-turistico-haro-ventilla-16/" />
<meta property="og:site_name" content="Apartamentos Señorío de Haro 3000" />
<meta property="article:publisher" content="https://www.facebook.com/apartamentosconencanto" />
<meta property="article:modified_time" content="2024-01-09T16:06:37+00:00" />
<meta property="og:image" content="https://apartamentosconencanto.com/wp-content/uploads/2023/07/edificios-edificio-en-la-calle-lucrecia-arana-no4-1-e1690894649380.jpg" />
	<meta property="og:image:width" content="433" />
	<meta property="og:image:height" content="650" />
	<meta property="og:image:type" content="image/jpeg" />
<meta name="twitter:card" content="summary_large_image" />
<meta name="twitter:site" content="@aptosconencanto" />
<script type="application/ld+json" class="yoast-schema-graph">{"@context":"https://schema.org","@graph":[{"@type":"WebPage","@id":"https://apartamentosconencanto.com/en/nuestros-edificios/edificio-turistico-haro-ventilla-16/","url":"https://apartamentosconencanto.com/en/nuestros-edificios/edificio-turistico-haro-ventilla-16/","name":"Tourist Apartment Building Ventilla - Apartamentos Señorío de Haro 3000","isPartOf":{"@id":"https://apartamentosconencanto.com/en/#website"},"datePublished":"2023-07-27T11:11:47+00:00","dateModified":"2024-01-09T16:06:37+00:00","description":"Señorío de Haro has a tourist building in calle Ventilla 16 in Haro with 6 2-bedroom flats for 30 people.","inLanguage":"en-US","potentialAction":[{"@type":"ReadAction","target":["https://apartamentosconencanto.com/en/nuestros-edificios/edificio-turistico-haro-ventilla-16/"]}]},{"@type":"WebSite","@id":"https://apartamentosconencanto.com/en/#website","url":"https://apartamentosconencanto.com/en/","name":"Apartamentos Señorío de Haro 3000","description":"Apartamentos turísticos en Haro","publisher":{"@id":"https://apartamentosconencanto.com/en/#organization"},"potentialAction":[{"@type":"SearchAction","target":{"@type":"EntryPoint","urlTemplate":"https://apartamentosconencanto.com/en/?s={search_term_string}"},"query-input":"required name=search_term_string"}],"inLanguage":"en-US"},{"@type":"Organization","@id":"https://apartamentosconencanto.com/en/#organization","name":"Apartamentos Señorío de Haro 3000","url":"https://apartamentosconencanto.com/en/","logo":{"@type":"ImageObject","inLanguage":"en-US","@id":"https://apartamentosconencanto.com/en/#/schema/logo/image/","url":"https://apartamentosconencanto.com/wp-content/uploads/2017/12/logo-apartamentos-color-100.png","contentUrl":"https://apartamentosconencanto.com/wp-content/uploads/2017/12/logo-apartamentos-color-100.png","width":195,"height":100,"caption":"Apartamentos Señorío de Haro 3000"},"image":{"@id":"https://apartamentosconencanto.com/en/#/schema/logo/image/"},"sameAs":["https://www.facebook.com/apartamentosconencanto","https://twitter.com/aptosconencanto","https://www.instagram.com/apartamentosharo/"]}]}</script>
<!-- / Yoast SEO plugin. -->

Tourist Apartment Building Ventilla - Apartamentos Señorío de Haro 3000

Señorío de Haro has a tourist building in calle Ventilla 16 in Haro with 6 2-bedroom flats for 30 people.

Apartamentos Señorío de Haro 3000

Apartamentos turísticos en Haro
